{"id":10,"date":"2015-11-02T12:16:12","date_gmt":"2015-11-02T12:16:12","guid":{"rendered":"http:\/\/actris-ro.inoe.ro\/?page_id=10"},"modified":"2025-01-31T09:06:27","modified_gmt":"2025-01-31T09:06:27","slug":"pagina-de-test","status":"publish","type":"page","link":"https:\/\/actris.ro\/","title":{"rendered":"Infrastructura de cercetare a aerosolilor, norilor \u0219i gazelor minore (The Aerosol, Clouds and Trace Gases Research Infrastructure \u2013 ACTRIS)"},"content":{"rendered":"<p style=\"text-align: justify;\"><a href=\"http:\/\/actris.ro\/wp-content\/uploads\/2015\/11\/pexels-photo-203272.jpeg\"><img loading=\"lazy\" decoding=\"async\" class=\"aligncenter size-large wp-image-135\" src=\"http:\/\/actris.ro\/wp-content\/uploads\/2015\/11\/pexels-photo-203272-1024x663.jpeg\" alt=\"pexels-photo-203272\" width=\"640\" height=\"414\" srcset=\"https:\/\/actris.ro\/wp-content\/uploads\/2015\/11\/pexels-photo-203272-1024x663.jpeg 1024w, https:\/\/actris.ro\/wp-content\/uploads\/2015\/11\/pexels-photo-203272-300x194.jpeg 300w\" sizes=\"auto, (max-width: 640px) 100vw, 640px\" \/><\/a><\/p>\n<p style=\"text-align: justify;\">ACTRIS-RO reprezint\u0103 componenta rom\u00e2neasc\u0103 a infrastructurii distribuite ACTRIS, pentru care Rom\u00e2nia \u0219i-a afirmat sprijinul politic \u0219i financiar \u00eenc\u0103 din faza de aplica\u021bie la ESFRI. \u00cen 2023, ACTRIS a ob\u021binut statutul de Consor\u021biu European pentru Infrastructuri de Cercetare (ERIC), consolid\u00e2ndu-\u0219i rolul ca infrastructur\u0103 esen\u021bial\u0103 pentru cercetarea atmosferei \u00een Europa. ACTRIS este organizat\u0103 ca un consor\u021biu european ce reune\u0219te re\u021bele na\u021bionale \u0219i facilit\u0103\u021bi centrale \u2013 Sediul Central, Centrul de Date \u0219i \u0219ase Centre Topice \u2013 care coordoneaz\u0103 \u0219i integreaz\u0103 activit\u0103\u021bile infrastructurii.\u00a0<\/p>\n<p style=\"text-align: justify;\">\u00cen faza opera\u021bional\u0103, ACTRIS ofer\u0103 acces deschis la date atmosferice de \u00eenalt\u0103 calitate, oportunit\u0103\u021bi de cercetare \u0219i inovare, calibrarea echipamentelor \u0219tiin\u021bifice, dezvoltarea de noi tehnologii, precum \u0219i sprijin pentru o comunitate extins\u0103 de utilizatori: cercet\u0103tori, factori de decizie politic\u0103 \u0219i actori din sectorul public \u0219i privat. Valoarea infrastructurii ACTRIS \u00een stadiul opera\u021bional este estimat\u0103 la 450 de milioane de euro, cu o cifr\u0103 de afaceri anual\u0103 de aproximativ 50 de milioane de euro. Rom\u00e2nia este membru fondator al ACTRIS ERIC \u0219i contribuie activ la dezvoltarea \u0219i func\u021bionarea infrastructurii prin ACTRIS-RO, care include sta\u021bii de observare, laboratoare specializate \u0219i platforme exploratorii.<\/p>\n<p><strong>ACTRIS-RO<\/strong><\/p>\n\n\n<div class=\"wp-block-wpzoom-blocks-social-icons is-style-with-canvas-round\" style=\"--wpz-social-icons-block-item-font-size:18px;--wpz-social-icons-block-item-padding-horizontal:6px;--wpz-social-icons-block-item-padding-vertical:6px;--wpz-social-icons-block-item-margin-horizontal:5px;--wpz-social-icons-block-item-margin-vertical:5px;--wpz-social-icons-block-item-border-radius:50px;--wpz-social-icons-block-label-font-size:16px;--wpz-social-icons-block-label-color:#2e3131;--wpz-social-icons-block-label-color-hover:#2e3131;--wpz-social-icons-alignment:flex-start\"><a href=\"https:\/\/x.com\/actrisro\" class=\"social-icon-link\" title=\"X\" style=\"--wpz-social-icons-block-item-color:#000000;--wpz-social-icons-block-item-color-hover:#000000\"><span class=\"social-icon socicon socicon-x\"><\/span><\/a><a href=\"https:\/\/www.instagram.com\/actrisro\/\" class=\"social-icon-link\" title=\"Instagram\" style=\"--wpz-social-icons-block-item-color:#E4405F;--wpz-social-icons-block-item-color-hover:#E4405F\"><span class=\"social-icon socicon socicon-instagram\"><\/span><\/a><a href=\"https:\/\/bsky.app\/profile\/actrisro.bsky.social\" class=\"social-icon-link\" title=\"Bluesky\" style=\"--wpz-social-icons-block-item-color:#0285FF;--wpz-social-icons-block-item-color-hover:#0285FF\"><span class=\"social-icon socicon socicon-bluesky\"><\/span><\/a><a href=\"https:\/\/www.facebook.com\/actrisro\/\" class=\"social-icon-link\" title=\"Facebook\" style=\"--wpz-social-icons-block-item-color:#0866FF;--wpz-social-icons-block-item-color-hover:#0866FF\"><span class=\"social-icon socicon socicon-facebook\"><\/span><\/a><a href=\"https:\/\/www.linkedin.com\/company\/actris-ro\/\" class=\"social-icon-link\" title=\"Linkedin\" style=\"--wpz-social-icons-block-item-color:#0077B5;--wpz-social-icons-block-item-color-hover:#0077B5\"><span class=\"social-icon socicon socicon-linkedin\"><\/span><\/a><\/div>\n","protected":false},"excerpt":{"rendered":"<p>ACTRIS-RO reprezint\u0103 componenta rom\u00e2neasc\u0103 a infrastructurii distribuite ACTRIS, pentru care Rom\u00e2nia \u0219i-a afirmat sprijinul politic \u0219i financiar \u00eenc\u0103 din faza de aplica\u021bie la ESFRI. \u00cen 2023, ACTRIS a ob\u021binut statutul de Consor\u021biu European pentru Infrastructuri de Cercetare (ERIC), consolid\u00e2ndu-\u0219i rolul ca infrastructur\u0103 esen\u021bial\u0103 pentru cercetarea atmosferei \u00een Europa. ACTRIS este organizat\u0103 ca un consor\u021biu european [&hellip;]<\/p>\n","protected":false},"author":1,"featured_media":0,"parent":0,"menu_order":0,"comment_status":"closed","ping_status":"closed","template":"","meta":{"footnotes":""},"class_list":["post-10","page","type-page","status-publish","hentry"],"_links":{"self":[{"href":"https:\/\/actris.ro\/index.php\/wp-json\/wp\/v2\/pages\/10","targetHints":{"allow":["GET"]}}],"collection":[{"href":"https:\/\/actris.ro\/index.php\/wp-json\/wp\/v2\/pages"}],"about":[{"href":"https:\/\/actris.ro\/index.php\/wp-json\/wp\/v2\/types\/page"}],"author":[{"embeddable":true,"href":"https:\/\/actris.ro\/index.php\/wp-json\/wp\/v2\/users\/1"}],"replies":[{"embeddable":true,"href":"https:\/\/actris.ro\/index.php\/wp-json\/wp\/v2\/comments?post=10"}],"version-history":[{"count":8,"href":"https:\/\/actris.ro\/index.php\/wp-json\/wp\/v2\/pages\/10\/revisions"}],"predecessor-version":[{"id":453,"href":"https:\/\/actris.ro\/index.php\/wp-json\/wp\/v2\/pages\/10\/revisions\/453"}],"wp:attachment":[{"href":"https:\/\/actris.ro\/index.php\/wp-json\/wp\/v2\/media?parent=10"}],"curies":[{"name":"wp","href":"https:\/\/api.w.org\/{rel}","templated":true}]}}