{"id":371,"date":"2025-01-27T11:36:26","date_gmt":"2025-01-27T11:36:26","guid":{"rendered":"https:\/\/actris.ro\/?page_id=371"},"modified":"2025-01-30T14:57:13","modified_gmt":"2025-01-30T14:57:13","slug":"rezultate","status":"publish","type":"page","link":"https:\/\/actris.ro\/index.php\/rezultate\/","title":{"rendered":"Rezultate"},"content":{"rendered":"\n<figure class=\"wp-block-image size-full\"><a href=\"https:\/\/actris.ro\/wp-content\/uploads\/2025\/01\/banner_site_roactriserik-4.png\"><img loading=\"lazy\" decoding=\"async\" width=\"827\" height=\"94\" src=\"https:\/\/actris.ro\/wp-content\/uploads\/2025\/01\/banner_site_roactriserik-4.png\" alt=\"\" class=\"wp-image-372\" srcset=\"https:\/\/actris.ro\/wp-content\/uploads\/2025\/01\/banner_site_roactriserik-4.png 827w, https:\/\/actris.ro\/wp-content\/uploads\/2025\/01\/banner_site_roactriserik-4-300x34.png 300w, https:\/\/actris.ro\/wp-content\/uploads\/2025\/01\/banner_site_roactriserik-4-768x87.png 768w\" sizes=\"auto, (max-width: 827px) 100vw, 827px\" \/><\/a><\/figure>\n\n\n<ul>\n<li>RA1. Consolidarea particip\u0103rii institu\u021biilor din consor\u021biu la agenda de cercetare a ACTRIS ERIC (principal);\n<ul>\n<li>RA1.1 Consolidarea cooper\u0103rii \u00een ACTRIS-RO prin derularea proiectului;<\/li>\n<\/ul>\n<\/li>\n<\/ul>\n<ul>\n<li>RA2. Dezvoltarea \u0219i \u00eembun\u0103t\u0103\u021birea capacit\u0103\u021bilor de cercetare \u0219i inovare;\n<ul>\n<li>RA2.1 Extinderea echipei ACTRIS-RO;<\/li>\n<\/ul>\n<\/li>\n<\/ul>\n<ul>\n<li>RA3. \u00cendeplinirea obliga\u021biilor Rom\u00e2niei c\u0103 membru fondator al ACTRIS ERIC;\n<ul>\n<li>RA3.1 \u00cendeplinirea obliga\u021biilor asumate pentru Centrul de Teledetectia Aerosolului;<\/li>\n<li>RA3.2 \u00cendeplinirea obliga\u021biilor asumate pentru Facilit\u0103\u021bile Na\u021bionale;<\/li>\n<li>RA3.3 \u00cendeplinirea obliga\u021biilor asumate prin aderarea la ERIC;<\/li>\n<\/ul>\n<\/li>\n<\/ul>\n<ul>\n<li>RA4. Integrarea \u00een Spa\u021biul de Cercetare European \u0219i interna\u021bional;\n<ul>\n<li>RA4.1 Participarea la experimentele de calibrare \u0219i validare a misiunilor satelitare (ac\u021biune continu\u0103: EarthCARE, Sentinel-5P);<\/li>\n<li>RA4.2 Participarea la conferin\u021be interna\u021bionale \u0219i la evenimentele \u0219tiin\u021bifice specifice ACTRIS (\u00een func\u021bie de oportunit\u0103\u021bi;<\/li>\n<\/ul>\n<\/li>\n<\/ul>\n<ul>\n<li>RA5. Ridicarea nivelului de recunoa\u0219tere \u0219tiin\u021bific\u0103 la nivel na\u021bional \u0219i interna\u021bional;\n<ul>\n<li>RA5.1 Cre\u0219terea vizibilit\u0103\u021bii \u00een cadrul comunit\u0103\u021bii \u0219tiin\u021bifice;<\/li>\n<li>RA5.2 Cre\u0219terea vizibilit\u0103\u021bii la nivel societal.<\/li>\n<\/ul>\n<\/li>\n<\/ul>\n<p><strong>ACTRIS-RO<\/strong><\/p>\n\n\n<div class=\"wp-block-wpzoom-blocks-social-icons is-style-with-canvas-round\" style=\"--wpz-social-icons-block-item-font-size:18px;--wpz-social-icons-block-item-padding-horizontal:6px;--wpz-social-icons-block-item-padding-vertical:6px;--wpz-social-icons-block-item-margin-horizontal:5px;--wpz-social-icons-block-item-margin-vertical:5px;--wpz-social-icons-block-item-border-radius:50px;--wpz-social-icons-block-label-font-size:16px;--wpz-social-icons-block-label-color:#2e3131;--wpz-social-icons-block-label-color-hover:#2e3131;--wpz-social-icons-alignment:flex-start\"><a href=\"https:\/\/x.com\/ActrisRo\" class=\"social-icon-link\" title=\"X\" style=\"--wpz-social-icons-block-item-color:#000000;--wpz-social-icons-block-item-color-hover:#000000\"><span class=\"social-icon socicon socicon-x\"><\/span><\/a><a href=\"https:\/\/www.instagram.com\/actrisro\" class=\"social-icon-link\" title=\"Instagram\" style=\"--wpz-social-icons-block-item-color:#E4405F;--wpz-social-icons-block-item-color-hover:#E4405F\"><span class=\"social-icon socicon socicon-instagram\"><\/span><\/a><a href=\"https:\/\/bsky.app\/profile\/actrisro.bsky.social\" class=\"social-icon-link\" title=\"Bluesky\" style=\"--wpz-social-icons-block-item-color:#0285FF;--wpz-social-icons-block-item-color-hover:#0285FF\"><span class=\"social-icon socicon socicon-bluesky\"><\/span><\/a><a href=\"https:\/\/www.facebook.com\/actrisro\/\" class=\"social-icon-link\" title=\"Facebook\" style=\"--wpz-social-icons-block-item-color:#0866FF;--wpz-social-icons-block-item-color-hover:#0866FF\"><span class=\"social-icon socicon socicon-facebook\"><\/span><\/a><a href=\"https:\/\/www.linkedin.com\/company\/actris-ro\/\" class=\"social-icon-link\" title=\"Linkedin\" style=\"--wpz-social-icons-block-item-color:#0077B5;--wpz-social-icons-block-item-color-hover:#0077B5\"><span class=\"social-icon socicon socicon-linkedin\"><\/span><\/a><\/div>\n\n\n\n<p id=\"block-ecf032ee-00be-45dc-a147-531c02bcf102\"><strong>Ministerul Investi\u021biilor \u0219i Proiectelor Europene<\/strong><a href=\"https:\/\/www.facebook.com\/MinisterulInvestitiilorsiProiectelorEuropene\"><\/a><\/p>\n\n\n\n<div class=\"wp-block-wpzoom-blocks-social-icons is-style-with-canvas-round\" style=\"--wpz-social-icons-block-item-font-size:18px;--wpz-social-icons-block-item-padding-horizontal:6px;--wpz-social-icons-block-item-padding-vertical:6px;--wpz-social-icons-block-item-margin-horizontal:5px;--wpz-social-icons-block-item-margin-vertical:5px;--wpz-social-icons-block-item-border-radius:50px;--wpz-social-icons-block-label-font-size:16px;--wpz-social-icons-block-label-color:#2e3131;--wpz-social-icons-block-label-color-hover:#2e3131;--wpz-social-icons-alignment:flex-start\"><a href=\"https:\/\/www.facebook.com\/MinisterulInvestitiilorsiProiectelorEuropene\/\" class=\"social-icon-link\" title=\"Facebook\" style=\"--wpz-social-icons-block-item-color:#0866FF;--wpz-social-icons-block-item-color-hover:#0866FF\"><span class=\"social-icon socicon socicon-facebook\"><\/span><\/a><\/div>\n\n\n\n<p><\/p>\n","protected":false},"excerpt":{"rendered":"<p>RA1. Consolidarea particip\u0103rii institu\u021biilor din consor\u021biu la agenda de cercetare a ACTRIS ERIC (principal); RA1.1 Consolidarea cooper\u0103rii \u00een ACTRIS-RO prin derularea proiectului; RA2. Dezvoltarea \u0219i \u00eembun\u0103t\u0103\u021birea capacit\u0103\u021bilor de cercetare \u0219i inovare; RA2.1 Extinderea echipei ACTRIS-RO; RA3. \u00cendeplinirea obliga\u021biilor Rom\u00e2niei c\u0103 membru fondator al ACTRIS ERIC; RA3.1 \u00cendeplinirea obliga\u021biilor asumate pentru Centrul de Teledetectia Aerosolului; RA3.2 [&hellip;]<\/p>\n","protected":false},"author":1,"featured_media":0,"parent":0,"menu_order":0,"comment_status":"closed","ping_status":"closed","template":"","meta":{"footnotes":""},"class_list":["post-371","page","type-page","status-publish","hentry"],"_links":{"self":[{"href":"https:\/\/actris.ro\/index.php\/wp-json\/wp\/v2\/pages\/371","targetHints":{"allow":["GET"]}}],"collection":[{"href":"https:\/\/actris.ro\/index.php\/wp-json\/wp\/v2\/pages"}],"about":[{"href":"https:\/\/actris.ro\/index.php\/wp-json\/wp\/v2\/types\/page"}],"author":[{"embeddable":true,"href":"https:\/\/actris.ro\/index.php\/wp-json\/wp\/v2\/users\/1"}],"replies":[{"embeddable":true,"href":"https:\/\/actris.ro\/index.php\/wp-json\/wp\/v2\/comments?post=371"}],"version-history":[{"count":8,"href":"https:\/\/actris.ro\/index.php\/wp-json\/wp\/v2\/pages\/371\/revisions"}],"predecessor-version":[{"id":429,"href":"https:\/\/actris.ro\/index.php\/wp-json\/wp\/v2\/pages\/371\/revisions\/429"}],"wp:attachment":[{"href":"https:\/\/actris.ro\/index.php\/wp-json\/wp\/v2\/media?parent=371"}],"curies":[{"name":"wp","href":"https:\/\/api.w.org\/{rel}","templated":true}]}}